e prime factors of 35315577?
3, 11, 233, 1531
List the prime factors of 1295301703.
181, 881, 8123
List the prime factors of 319434845.
5, 17, 127, 233
List the prime factors of 115226595.
3, 5, 11, 17, 13693
List the prime factors of 26436779.
59, 71, 6311
List the prime factors of 10366875.
3, 5, 19, 97
What are the prime factors of 97041452?
2, 24260363
List the prime factors of 247022700.
2, 3, 5, 269, 3061
What are the prime factors of 10166591?
857, 11863
What are the prime factors of 3602360784?
2, 3, 11, 19, 73, 4919
List the prime factors of 50989070.
2, 5, 11, 463537
List the prime factors of 21225162.
2, 3, 7, 107, 4723
List the prime factors of 150651258.
2, 3, 31, 139, 5827
What are the prime factors of 39499521?
3, 13166507
What are the prime factors of 1027530698?
2, 6977, 73637
What are the prime factors of 1767856355?
5, 47, 7522793
What are the prime factors of 208615954?
2, 41, 547, 4651
List the prime factors of 3335232538.
2, 11, 463, 327433
What are the prime factors of 138375283?
138375283
List the prime factors of 142894522.
2, 5521, 12941
List the prime factors of 627835207.
10847, 57881
List the prime factors of 465571963.
465571963
List the prime factors of 110483625.
3, 5, 7, 42089
What are the prime factors of 3664501053?
3, 37, 127, 259949
What are the prime factors of 125206301?
11, 11382391
What are the prime factors of 3818443967?
13, 17, 67, 83, 239
What are the prime factors of 4636689684?
2, 3, 11, 17, 47, 43963
What are the prime factors of 1812490757?
7, 11, 23538841
What are the prime factors of 53396624?
2, 37, 90197
What are the prime factors of 970998680?
2, 5, 577, 42071
List the prime factors of 140454244.
2, 7, 67, 74869
List the prime factors of 106970654.
2, 7, 23, 332207
List the prime factors of 173944942.
2, 86972471
List the prime factors of 1240364488.
2, 11, 14095051
What are the prime factors of 384256222?
2, 7, 31, 885383
List the prime factors of 146396896.
2, 41, 241, 463
List the prime factors of 99383834.
2, 11, 499, 823
List the prime factors of 90957867.
3, 7, 11, 13, 4327
What are the prime factors of 6581161?
6581161
List the prime factors of 5335555226.
2, 23, 9277, 12503
What are the prime factors of 1032656366?
2, 7, 211, 349579
List the prime factors of 1199219251.
2713, 442027
What are the prime factors of 143296415?
5, 31, 924493
List the prime factors of 50109115.
5, 7, 17, 53, 227
What are the prime factors of 101164513?
5441, 18593
What are the prime factors of 1214533344?
2, 3, 12651389
What are the prime factors of 3345895333?
11, 304172303
What are the prime factors of 14570285?
5, 701, 4157
What are the prime factors of 2367149030?
2, 5, 59, 1087, 3691
List the prime factors of 36022944.
2, 3, 353, 1063
What are the prime factors of 1905341894?
2, 14747, 64601
List the prime factors of 25067103.
3, 661, 12641
List the prime factors of 1678308736.
2, 13, 457, 2207
What are the prime factors of 1416048674?
2, 708024337
List the prime factors of 2628458480.
2, 5, 19, 1729249
List the prime factors of 212524340.
2, 5, 7, 127, 11953
What are the prime factors of 8315705029?
8315705029
What are the prime factors of 51806468?
2, 7, 223, 8297
List the prime factors of 1857439501.
1091, 1702511
List the prime factors of 232015129.
31, 83, 90173
List the prime factors of 2259969519.
3, 753323173
List the prime factors of 2254593295.
5, 17, 19, 1396033
List the prime factors of 3652981377.
3, 24481, 49739
List the prime factors of 71370635.
5, 7, 2039161
List the prime factors of 324827709.
3, 108275903
List the prime factors of 2447809975.
5, 13, 523, 14401
What are the prime factors of 5704701889?
383, 14894783
What are the prime factors of 52377098?
2, 3511, 7459
List the prime factors of 211407773.
211407773
List the prime factors of 58117332.
2, 3, 7, 13, 7603
List the prime factors of 1888070750.
2, 5, 109, 193, 359
What are the prime factors of 2693409877?
43, 199, 314761
List the prime factors of 541925682.
2, 3, 107, 844121
What are the prime factors of 89693503?
67, 139, 9631
What are the prime factors of 38650581?
3, 1431503
What are the prime factors of 295668760?
2, 5, 17, 434807
What are the prime factors of 30329722?
2, 15164861
List the prime factors of 45738589.
13, 3518353
List the prime factors of 350759985.
3, 5, 239, 97841
What are the prime factors of 402798399?
3, 134266133
What are the prime factors of 32140848?
2, 3, 71, 9431
List the prime factors of 260133353.
173, 1503661
List the prime factors of 4384498741.
7, 43, 2647, 5503
What are the prime factors of 2276011952?
2, 17, 89, 149, 631
List the prime factors of 1140995700.
2, 3, 5, 13, 32507
What are the prime factors of 1137614305?
5, 227522861
What are the prime factors of 309718966?
2, 23, 59, 139, 821
What are the prime factors of 1259712003?
3, 11, 41, 53, 1597
What are the prime factors of 97174404?
2, 3, 107, 2803
List the prime factors of 385790733.
3, 79, 542603
What are the prime factors of 343601279?
7, 41, 53, 461
What are the prime factors of 1150448183?
29, 1801, 22027
What are the prime factors of 118334661?
3, 39444887
What are the prime factors of 14991067?
7, 13, 257, 641
List the prime factors of 1241660854.
2, 7, 79, 1122659
List the prime factors of 151527052.
2, 17, 19, 117281
List the prime factors of 68892071.
73, 157, 6011
List the prime factors of 1249189973.
1249189973
List the prime factors of 1491873128.
2, 1277, 146033
List the prime factors of 4035580718.
2, 13, 41, 167, 22669
List the prime factors of 29066051.
7, 71, 233, 251
What are the prime factors of 588114472?
2, 11, 6683119
List the prime factors of 445579502.
2, 43, 61, 157, 541
List the prime factors of 6288990009.
3, 59, 35531017
List the prime factors of 186985072.
2, 11686567
List the prime factors of 131402277.
3, 29, 283, 593
List the prime factors of 142002731.
13, 10923287
List the prime factors of 51604503.
3, 17, 73, 83, 167
List the prime factors of 120185102.
2, 37, 677, 2399
List the prime factors of 2706643299.
3, 43, 269, 77999
What are the prime factors of 296790842?
2, 173, 491, 1747
What are the prime factors of 92275306?
2, 46137653
What are the prime factors of 932888709?
3, 83, 1248847
What are the prime factors of 4404519884?
2, 19, 29, 61, 181
List the prime factors of 2176647377.
17, 128038081
List the prime factors of 59098567.
11, 5372597
List the prime factors of 107889430.
2, 5, 11, 67, 14639
What are the prime factors of 1032126?
2, 3, 172021
What are the prime factors of 1407370640?
2, 5, 13, 1353241
What are the prime factors of 548436658?
2, 7, 11, 443, 8039
What are the prime factors of 55855401?
3, 7, 1163, 2287
List the prime factors of 1591773105.
3, 5, 13, 8162939
What are the prime factors of 591064696?
2, 139, 461, 1153
What are the prime factors of 115212987?
3, 12801443
List the prime factors of 27888435.
3, 5, 337, 613
List the prime factors of 31456986.
2, 3, 11, 541, 881
What are the prime factors of 1084427903?
13, 191, 436741
List the prime factors of 92247634.
2, 317, 145501
What are the prime factors of 75088276?
2, 18772069
What are the prime factors of 216904834?
2, 1471, 73727
What are the prime factors of 110999142?
2, 3, 223, 27653
List the prime factors of 95073135.
3, 5, 6338209
What are the prime factors of 42124086?
2, 3, 23, 101749
What are the prime factors of 28638836?
2, 59, 121351
What are the prime factors of 239739879?
3, 23, 271, 12821
List the prime factors of 355061043.
3, 3079, 4271
What are the prime factors of 102858837?
3, 19, 31, 58211
List the prime factors of 1162579665.
3, 5, 13, 263, 22669
What are the prime factors of 20961547?
89, 235523
List the prime factors of 374530730.
2, 5, 7, 223, 23993
What are the prime factors of 1173961?
1173961
List the prime factors of 679463431.
679463431
List the prime factors of 67504714.
2, 853, 39569
List the prime factors of 310341962.
2, 7, 3313, 6691
List the prime factors of 6530843225.
5, 43, 467, 13009
What are the prime factors of 60624393?
3, 263, 76837
List the prime factors of 167407094.
2, 83703547
List the prime factors of 1119633218.
2, 11, 29, 1754911
What are the prime factors of 593102990?
2, 5, 59310299
List the prime factors of 3954650291.
19, 23, 9049543
List the prime factor